r when 15182 is divided by 3794.
6
Calculate the remainder when 14741 is divided by 4761.
458
What is the remainder when 370942 is divided by 84?
82
What is the remainder when 255 is divided by 127?
1
Calculate the remainder when 54465 is divided by 68.
65
Calculate the remainder when 8367 is divided by 183.
132
Calculate the remainder when 5261756 is divided by 783.
779
Calculate the remainder when 64163 is divided by 345.
338
Calculate the remainder when 5155961 is divided by 34.
31
Calculate the remainder when 11353 is divided by 567.
13
Calculate the remainder when 104756 is divided by 812.
8
What is the remainder when 77550 is divided by 1333?
236
Calculate the remainder when 25006 is divided by 124.
82
Calculate the remainder when 22491 is divided by 199.
4
Calculate the remainder when 19760 is divided by 4940.
0
Calculate the remainder when 506677 is divided by 41.
40
Calculate the remainder when 7469 is divided by 12.
5
What is the remainder when 81242 is divided by 50?
42
Calculate the remainder when 4813 is divided by 1498.
319
What is the remainder when 308592 is divided by 834?
12
Calculate the remainder when 135546 is divided by 9036.
6
What is the remainder when 3234 is divided by 3212?
22
What is the remainder when 69815 is divided by 69764?
51
What is the remainder when 95242 is divided by 15868?
34
Calculate the remainder when 22731 is divided by 159.
153
Calculate the remainder when 4538 is divided by 3.
2
What is the remainder when 279 is divided by 105?
69
What is the remainder when 102436 is divided by 12794?
84
Calculate the remainder when 4413 is divided by 4255.
158
What is the remainder when 7588 is divided by 948?
4
What is the remainder when 4662 is divided by 281?
166
What is the remainder when 797 is divided by 204?
185
Calculate the remainder when 41075 is divided by 13678.
41
Calculate the remainder when 6793 is divided by 43.
42
What is the remainder when 1208444 is divided by 119?
118
Calculate the remainder when 1205388 is divided by 22.
8
Calculate the remainder when 8442 is divided by 455.
252
Calculate the remainder when 675 is divided by 629.
46
Calculate the remainder when 285097 is divided by 3.
1
Calculate the remainder when 422239 is divided by 145.
144
Calculate the remainder when 25102 is divided by 965.
12
What is the remainder when 5579 is divided by 5577?
2
What is the remainder when 191414 is divided by 340?
334
Calculate the remainder when 9216 is divided by 501.
198
Calculate the remainder when 88029 is divided by 48.
45
What is the remainder when 639696 is divided by 56?
8
Calculate the remainder when 9558 is divided by 9554.
4
Calculate the remainder when 9335 is divided by 9323.
12
Calculate the remainder when 48487 is divided by 8080.
7
What is the remainder when 37726 is divided by 1995?
1816
Calculate the remainder when 1721893 is divided by 802.
801
What is the remainder when 1867 is divided by 1856?
11
What is the remainder when 6308 is divided by 618?
128
What is the remainder when 47417 is divided by 12?
5
What is the remainder when 6514 is divided by 144?
34
Calculate the remainder when 3003 is divided by 6.
3
What is the remainder when 21251 is divided by 42?
41
Calculate the remainder when 358309 is divided by 424.
29
What is the remainder when 11552 is divided by 1314?
1040
Calculate the remainder when 26173 is divided by 6540.
13
What is the remainder when 3671 is divided by 248?
199
Calculate the remainder when 3218 is divided by 544.
498
Calculate the remainder when 10096 is divided by 13.
8
What is the remainder when 45330 is divided by 15091?
57
Calculate the remainder when 117516 is divided by 250.
16
What is the remainder when 656 is divided by 60?
56
Calculate the remainder when 63642 is divided by 526.
522
Calculate the remainder when 3580 is divided by 1361.
858
Calculate the remainder when 2578 is divided by 289.
266
Calculate the remainder when 30642 is divided by 93.
45
What is the remainder when 56599 is divided by 14?
11
Calculate the remainder when 12167 is divided by 1008.
71
Calculate the remainder when 17329 is divided by 107.
102
What is the remainder when 12403 is divided by 6189?
25
Calculate the remainder when 135023 is divided by 16.
15
Calculate the remainder when 2017 is divided by 243.
73
Calculate the remainder when 18955 is divided by 462.
13
What is the remainder when 51408 is divided by 106?
104
What is the remainder when 253664 is divided by 29?
1
What is the remainder when 255761 is divided by 59?
55
Calculate the remainder when 1426 is divided by 665.
96
Calculate the remainder when 13494 is divided by 61.
13
What is the remainder when 35845 is divided by 24?
13
What is the remainder when 117054 is divided by 34?
26
What is the remainder when 11203 is divided by 628?
527
Calculate the remainder when 33072 is divided by 38.
12
Calculate the remainder when 6060 is divided by 885.
750
What is the remainder when 67930 is divided by 1442?
156
What is the remainder when 82919 is divided by 32?
7
Calculate the remainder when 18557 is divided by 1546.
5
What is the remainder when 56272 is divided by 1278?
40
Calculate the remainder when 5382 is divided by 25.
7
Calculate the remainder when 2488 is divided by 906.
676
Calculate the remainder when 1368 is divided by 22.
4
Calculate the remainder when 401 is divided by 39.
11
Calculate the remainder when 601391 is divided by 268.
267
Calculate the remainder when 928 is divided by 127.
39
Calculate the remainder when 2718 is divided by 27.
18
Calculate the remainder when 639 is divided by 149.
43
What is the remainder when 18609 is divided by 94?
91
Calculate the remainder when 22697 is divided by 7.
3
Calculate the remainder when 942144 is divided by 248.
240
What is the remainder when 1260 is divided by 787?
473
What is the remainder when 28480 is divided by 535?
125
What is the remainder when 155407 is divided by 11954?
5
Calculate the remainder when 22599 is divided by 488.
151
What is the remainder when 15864 is divided by 65?
4
What is the remainder when 36657 is divided by 197?
15
Calculate the remainder when 2854 is divided by 1008.
838
What is the remainder when 16109 is divided by 304?
301
Calculate the remainder when 59645 is divided by 256.
253
Calculate the remainder when 17162 is divided by 8538.
86
What is the remainder when 1071 is divided by 412?
247
What is the remainder when 597 is divided by 70?
37
What is the remainder when 73736 is divided by 14743?
21
What is the remainder when 16030 is divided by 1?
0
Calculate the remainder when 28999 is divided by 25.
24
Calculate the remainder when 685681 is divided by 41.
38
What is the remainder when 294652 is divided by 1713?
16
What is the remainder when 563244 is divided by 752?
748
What is the remainder when 1744 is divided by 1048?
696
What is the remainder when 1137 is divided by 1124?
13
Calculate the remainder when 169072 is divided by 103.
49
Calculate the remainder when 41718 is divided by 614.
580
What is the remainder when 82166 is divided by 55?
51
What is the remainder when 26664 is divided by 1775?
39
Calculate the remainder when 17821 is divided by 215.
191
What is the remainder when 30532 is divided by 21?
19
What is the remainder when 728063 is divided by 256?
255
What is the remainder when 26781 is divided by 26758?
23
Calculate the remainder when 313 is divided by 15.
13
What is the remainder when 129132 is divided by 5?
2
What is the remainder when 26112 is divided by 5197?
127
What is the remainder when 2917 is divided by 2566?
351
What is the remainder when 18107 is divided by 44?
23
Calculate the remainder when 6081 is divided by 6.
3
Calculate the remainder when 765542 is divided by 31.
28
What is the remainder when 189847 is divided by 76?
75
What is the remainder when 38365 is divided by 29?
27
What is the remainder when 10177 is divided by 7?
6
Calculate the remainder when 355366 is divided by 1039.
28
What is the remainder when 1766 is divided by 407?
138
Calculate the remainder when 52698 is divided by 155.
153
What is the remainder when 939 is divided by 222?
51
What is the remainder when 10128 is divided by 1931?
473
What is the remainder when 32874 is divided by 281?
278
What is the remainder when 657 is divid